se 4) in base 7?
360
145 (base 7) to base 3
10001
-6 (base 15) to base 4
-12
What is -4 (base 6) in base 4?
-10
What is 3332 (base 4) in base 9?
312
Convert -111 (base 2) to base 8.
-7
What is -152 (base 6) in base 13?
-53
Convert 3 (base 14) to base 12.
3
-44 (base 12) to base 15
-37
-3 (base 15) to base 8
-3
Convert 0 (base 4) to base 16.
0
What is 1b3 (base 12) in base 10?
279
What is -74 (base 16) in base 14?
-84
What is 120 (base 5) in base 11?
32
What is 2 (base 11) in base 3?
2
What is e (base 16) in base 2?
1110
Convert -100 (base 10) to base 13.
-79
Convert 1023 (base 4) to base 15.
50
What is -35 (base 7) in base 3?
-222
-3 (base 7) to base 14
-3
Convert -35 (base 16) to base 6.
-125
Convert 3 (base 15) to base 13.
3
-1 (base 12) to base 8
-1
Convert -5f (base 16) to base 13.
-74
Convert 1001 (base 2) to base 4.
21
Convert -32 (base 9) to base 10.
-29
11 (base 2) to base 16
3
-10 (base 9) to base 16
-9
What is -214 (base 5) in base 7?
-113
What is -10 (base 4) in base 2?
-100
-9 (base 14) to base 3
-100
Convert 0 (base 9) to base 7.
0
What is 5 (base 14) in base 12?
5
What is -10 (base 3) in base 8?
-3
1222 (base 3) to base 13
41
-9 (base 15) to base 13
-9
Convert 8 (base 12) to base 14.
8
Convert -436 (base 7) to base 4.
-3133
What is -4 (base 6) in base 7?
-4
-2 (base 14) to base 15
-2
12 (base 10) to base 13
c
What is -55 (base 15) in base 11?
-73
Convert 21 (base 5) to base 8.
13
0 (base 4) to base 15
0
What is -14 (base 15) in base 4?
-103
Convert -b7 (base 13) to base 2.
-10010110
112 (base 3) to base 15
e
-5 (base 14) to base 8
-5
72 (base 8) to base 4
322
-55 (base 9) to base 6
-122
Convert 0 (base 5) to base 12.
0
Convert 3 (base 8) to base 5.
3
What is -3 (base 11) in base 13?
-3
Convert -103 (base 11) to base 10.
-124
-101 (base 3) to base 8
-12
Convert 6 (base 12) to base 10.
6
54 (base 8) to base 13
35
What is -5 (base 9) in base 11?
-5
Convert -13 (base 9) to base 11.
-11
167 (base 9) to base 12
ba
What is -5 (base 10) in base 12?
-5
Convert 2 (base 6) to base 14.
2
-1 (base 13) to base 15
-1
What is -7f (base 16) in base 10?
-127
Convert -e (base 15) to base 7.
-20
Convert -2 (base 9) to base 10.
-2
-1a (base 13) to base 2
-10111
-12210 (base 3) to base 11
-132
1 (base 4) to base 15
1
-b1 (base 13) to base 6
-400
What is 112 (base 5) in base 7?
44
Convert -2 (base 15) to base 12.
-2
-10 (base 4) to base 11
-4
Convert 11 (base 5) to base 13.
6
1011100 (base 2) to base 10
92
What is 2 (base 9) in base 8?
2
Convert -a (base 15) to base 10.
-10
Convert f1 (base 16) to base 7.
463
Convert -22 (base 6) to base 11.
-13
Convert 1aa (base 13) to base 2.
100110101
220 (base 3) to base 4
120
Convert -24 (base 5) to base 16.
-e
Convert 301 (base 6) to base 5.
414
Convert -112 (base 3) to base 15.
-e
-10a (base 12) to base 9
-181
-2 (base 3) to base 6
-2
Convert -20 (base 11) to base 6.
-34
Convert 1 (base 5) to base 7.
1
Convert 1245 (base 6) to base 5.
2232
What is -1 (base 9) in base 13?
-1
What is -8 (base 13) in base 5?
-13
Convert 12 (base 14) to base 9.
17
Convert -1 (base 2) to base 7.
-1
112 (base 6) to base 3
1122
2 (base 8) to base 15
2
-18 (base 12) to base 4
-110
Convert 9 (base 14) to base 13.
9
Convert 6 (base 12) to base 10.
6
What is 3 (base 7) in base 14?
3
What is 0 (base 10) in base 5?
0
What is -1a (base 11) in base 6?
-33
-2b (base 13) to base 2
-100101
What is -341 (base 6) in base 12?
-b1
Convert -1 (base 11) to base 4.
-1
What is 11 (base 3) in base 8?
4
Convert -188 (base 15) to base 7.
-1013
Convert 100001 (base 2) to base 10.
33
What is 3 (base 11) in base 10?
3
Convert 9 (base 11) to base 8.
11
-5 (base 11) to base 13
-5
Convert -66 (base 13) to base 7.
-150
What is -73 (base 11) in base 7?
-143
-16 (base 15) to base 8
-25
22 (base 5) to base 3
110
1 (base 7) to base 15
1
1000111 (base 2) to base 16
47
Convert -24 (base 13) to base 8.
-36
Convert 10 (base 6) to base 8.
6
Convert -12 (base 10) to base 2.
-1100
Convert 1 (base 12) to base 16.
1
What is -3 (base 10) in base 4?
-3
What is -53 (base 6) in base 5?
-113
Convert -2 (base 8) to base 14.
-2
1 (base 14) to base 15
1
-5 (base 10) to base 13
-5
Convert -b (base 14) to base 5.
-21
-202 (base 10) to base 14
-106
What is 63 (base 12) in base 6?
203
1 (base 14) to base 2
1
46 (base 16) to base 9
77
-3 (base 13) to base 7
-3
Convert 235 (base 10) to base 7.
454
6 (base 10) to base 3
20
What is 2 (base 13) in base 3?
2
Convert 51 (base 13) to base 10.
66
51 (base 13) to base 14
4a
111 (base 2) to base 13
7
What is 212 (base 4) in base 13?
2c
-2 (base 8) to base 12
-2
What is -16 (base 13) in base 16?
-13
What is -170 (base 13) in base 10?
-260
Convert -3 (base 9) to base 10.
-3
-32 (base 7) to base 14
-19
Convert 0 (base 6) to base 8.
0
What is 0 (base 16) in base 11?
0
What is 2 (base 9) in base 12?
2
124 (base 10) to base 8
174
110 (base 2) to base 3
20
Convert -100 (base 2) to base 16.
-4
What is -10 (base 5) in base 14?
-5
-5 (base 7) to base 2
-101
What is -1 (base 16) in base 2?
-1
Convert 4 (base 5) to base 2.
100
c0 (base 14) to base 11
143
Convert -15 (base 13) to base 14.
-14
Convert 10 (base 3) to base 12.
3
Convert -58 (base 13) to base 10.
-73
Convert -1 (base 2) to base 9.
-1
212 (base 4) to base 15
28
Convert 20212 (base 3) to base 15.
c5
What is 24 (base 6) in base 16?
10
-1 (base 16) to base 6
-1
Convert 257 (base 12) to base 11.
2a3
2c (base 15) to base 13
33
Convert -24 (base 10) to base 8.
-30
-4a (base 11) to base 8
-66
Convert -2021 (base 3) to base 6.
-141
6 (base 12) to base 10
6
1 (base 4) to base 5
1
-2 (base 6) to base 2
-10
Convert -66 (base 10) to base 8.
-102
4 (base 9) to base 4
10
-13 (base 11) to base 12
-12
Convert 111111 (base 2) to base 16.
3f
-1111 (base 3) to base 13
-31
What is -305 (base 7) in base 8?
-230
What is -11 (base 6) in base 7?
-10
-2101 (base 4) to base 14
-a5
Convert 2 (base 15) to base 11.
2
Convert 100011 (base 2) to base 11.
32
Convert 0 (base 14) to base 6.
0
4 (base 7) to base 4
10
Convert 1 (base 9) to base 3.
1
41 (base 10) to base 14
2d
What is -1000 (base 3) in base 16?
-1b
Convert -12 (base 5) to base 8.
-7
-2 (base 4) to base 16
-2
431 (base 5) to base 3
11022
What is -52 (base 12) in base 10?
-62
425 (base 6) to base 12
115
0 (base 12) to base 11
0
-51 (base 7) to base 8
-44
Convert a (base 11) to base 12.
a
What is -2120 (base 3) in base 8?
-105
-1111 (base 2) to base 5
-30
-1 (base 9) to base 16
-1
Convert 1101010 (base 2) to base 12.
8a
What is 4 (base 14) in base 9?
4
-10 (base 2) to base 11
-2
Convert 6 (base 11) to base 10.
6
What is 10 (base 4) in base 6?
4
What is -33 (base 6) in base 13?
-18
-1052 (base 6) to base 8
-370
Convert -2100 (base 4) to base 15.
-99
Convert 129 (base 16) to base 10.
297
1 (base 9) to base 10
1
Convert 41 (base 7) to base 13.
23
-104 (base 6) to base 4
-220
Convert -10 (base 7) to base 6.
-11
Convert 5 (base 13) to base 5.
10
-36 (base 7) to base 15
-1c
17 (base 11) to base 13
15
49 (base 10) to base 6
121
Convert -1 (base 11) to base 14.
-1
-3 (base 16) to base 12
-3
3 (base 5) to base 10
3
6 (base 10) to base 5
11
Convert 10 (base 4) to base 5.
4
14 (base 15) to base 10
19
What is -53 (base 8) in base 9?
-47
0 (base 5) to base 7
0
What is 223 (base 4) in base 6?
111
What is 32 (base 10) in base 12?
28
Convert 4 (base 13) to base 3.
11
What is -4 (base 16) in base 12?
-4
Convert -6 (base 11) to base 8.
-6
What is -1 (base 16) in base 2?
-1
What is -2131 (base 4) in base 16?
-9d
Convert 0 (base 16) to base 15.
0
Convert 55 (base 10) to base 2.
110111
What is 111111 (base 2) in base 16?
3f
-123 (base 4) to base 11
-25
Convert -3 (base 6) to base 8.
-3
What is aa (base 12) in base 2?
10000010
Convert 10101 (base 2) to base 6.
33
Convert 5 (base 16) to base 9.
5
Convert 6 (base 12) to base 7.
6
0 (base 4) to base 16
0
Convert -1d (base 16) to base 3.
-1002
69 (base 10) to base 15
49
Convert -2 (base 14) to base 3.
-2
Convert 411 (base 6) to base 5.
1101
-222 (base 5) to base 8
-76
Convert 11 (base 2) to base 9.
3
What is -1 (base 6) in base 8?
-1
Convert 9 (base 14) to base 5.
14
What is -2 (base 16) in base 14?
-2
Convert -14 (base 5) to base 13.
-9
Convert 6 (base 11) to base 12.
6
What is -1 (base 9) in base 11?
-1
Convert 134 (base 6) to base 11.
53
-2